{"id":14616,"date":"2024-11-12T13:13:49","date_gmt":"2024-11-12T12:13:49","guid":{"rendered":"https:\/\/www.brrs-rechtsanwaelte.de\/?page_id=14616"},"modified":"2025-01-30T12:50:50","modified_gmt":"2025-01-30T11:50:50","slug":"pauline-plettl","status":"publish","type":"page","link":"https:\/\/www.brrs-rechtsanwaelte.de\/de\/team\/pauline-plettl\/","title":{"rendered":"Pauline Plettl"},"content":{"rendered":"<section class=\"l-section wpb_row height_auto width_full\"><div class=\"l-section-overlay\" style=\"background:var(--color-header-transparent-bg)\"><\/div><div class=\"l-section-h i-cf\"><div class=\"g-cols vc_row via_flex valign_top type_default stacking_default\"><div class=\"vc_col-sm-12 wpb_column vc_column_container\"><div class=\"vc_column-inner\"><div class=\"wpb_wrapper\"><section class=\"l-section wpb_row height_huge color_primary with_slider\" id=\"Team\"><div class=\"l-section-slider\"><div class=\"w-slider style_none fit_cover nav_none count_7\"><div class=\"w-slider-h\" aria-hidden=\"true\"><div class=\"royalSlider\"><div class=\"rsContent\"><a class=\"rsImg\" data-rsw=\"1301\" data-rsh=\"994\" href=\"https:\/\/www.brrs-rechtsanwaelte.de\/wp-content\/uploads\/2020\/10\/Standort-E-Slider-schlegel08-scaled-e1703159015943.jpg\"><span data-alt=\"\"><\/span><\/a><\/div><div class=\"rsContent\"><a class=\"rsImg\" data-rsw=\"2560\" data-rsh=\"996\" href=\"https:\/\/www.brrs-rechtsanwaelte.de\/wp-content\/uploads\/2020\/10\/Standort-E-Slider-schlegel07-scaled.jpg\"><span data-alt=\"\"><\/span><\/a><\/div><div class=\"rsContent\"><a class=\"rsImg\" data-rsw=\"2560\" data-rsh=\"996\" href=\"https:\/\/www.brrs-rechtsanwaelte.de\/wp-content\/uploads\/2020\/09\/Standort-E-Slider-schlegel05-scaled.jpg\"><span data-alt=\"\"><\/span><\/a><\/div><div class=\"rsContent\"><a class=\"rsImg\" data-rsw=\"2560\" data-rsh=\"996\" href=\"https:\/\/www.brrs-rechtsanwaelte.de\/wp-content\/uploads\/2020\/09\/Standort-E-Slider-schlegel02-scaled.jpg\"><span data-alt=\"Dr. Stephan Schlegel \u2013 Rechtsanwalt, Notar \u2013 BRRS Eschborn\"><\/span><\/a><\/div><div class=\"rsContent\"><a class=\"rsImg\" data-rsw=\"2560\" data-rsh=\"996\" href=\"https:\/\/www.brrs-rechtsanwaelte.de\/wp-content\/uploads\/2020\/09\/Standort-E-Slider-schlegel03-scaled.jpg\"><span data-alt=\"Dr. Stephan Schlegel \u2013 Rechtsanwalt, Notar \u2013 BRRS Eschborn\"><\/span><\/a><\/div><div class=\"rsContent\"><a class=\"rsImg\" data-rsw=\"2560\" data-rsh=\"996\" href=\"https:\/\/www.brrs-rechtsanwaelte.de\/wp-content\/uploads\/2020\/09\/Standort-E-Slider-schlegel04-scaled.jpg\"><span data-alt=\"\"><\/span><\/a><\/div><div class=\"rsContent\"><a class=\"rsImg\" data-rsw=\"2560\" data-rsh=\"996\" href=\"https:\/\/www.brrs-rechtsanwaelte.de\/wp-content\/uploads\/2020\/09\/Standort-E-Slider-schlegel06-scaled.jpg\"><span data-alt=\"\"><\/span><\/a><\/div><\/div><img decoding=\"async\" src=\"https:\/\/www.brrs-rechtsanwaelte.de\/wp-content\/uploads\/2020\/10\/Standort-E-Slider-schlegel08-scaled-e1703159015943.jpg\" width=\"1301\" height=\"994\" alt loading=\"lazy\"><\/div><div class=\"w-slider-json\" onclick='return {&quot;autoScaleSlider&quot;:true,&quot;addActiveClass&quot;:true,&quot;loop&quot;:true,&quot;fadeInLoadedSlide&quot;:false,&quot;slidesSpacing&quot;:0,&quot;imageScalePadding&quot;:0,&quot;numImagesToPreload&quot;:2,&quot;arrowsNav&quot;:false,&quot;arrowsNavAutoHide&quot;:false,&quot;transitionType&quot;:&quot;move&quot;,&quot;transitionSpeed&quot;:800,&quot;block&quot;:{&quot;moveEffect&quot;:&quot;none&quot;,&quot;speed&quot;:300},&quot;thumbs&quot;:{&quot;fitInViewport&quot;:false,&quot;firstMargin&quot;:false,&quot;spacing&quot;:4},&quot;controlNavigation&quot;:&quot;none&quot;,&quot;autoplay&quot;:{&quot;enabled&quot;:true,&quot;pauseOnHover&quot;:false,&quot;delay&quot;:3000},&quot;autoScaleSliderWidth&quot;:1301,&quot;autoScaleSliderHeight&quot;:994}'><\/div><\/div><\/div><div class=\"l-section-overlay\" style=\"background:linear-gradient(180deg,rgba(51,51,51,0.00),rgba(0,0,0,0.35))\"><\/div><div class=\"l-section-h i-cf\"><div class=\"g-cols vc_row via_flex valign_bottom type_default stacking_default\"><div class=\"vc_col-sm-12 wpb_column vc_column_container\"><div class=\"vc_column-inner\"><div class=\"wpb_wrapper\"><div class=\"w-separator size_large\"><\/div><div class=\"w-separator size_large\"><\/div><div class=\"wpb_text_column us_custom_5c4d9c59 has_text_color\"><div class=\"wpb_wrapper\"><p>Wir am Standort Eschborn<\/p>\n<\/div><\/div><div class=\"w-btn-wrapper align_none\"><a class=\"w-btn us-btn-style_1\" href=\"https:\/\/www.brrs-rechtsanwaelte.de\/standort-eschborn\/\"><span class=\"w-btn-label\">Jetzt mehr \u00fcber uns erfahren<\/span><\/a><\/div><\/div><\/div><\/div><\/div><\/div><\/section>\n<\/div><\/div><\/div><\/div><\/div><\/section>\n","protected":false},"excerpt":{"rendered":"Wir am Standort Eschborn Jetzt mehr \u00fcber uns erfahren","protected":false},"author":2,"featured_media":14617,"parent":1194,"menu_order":0,"comment_status":"closed","ping_status":"closed","template":"","meta":{"_acf_changed":false,"footnotes":""},"categories":[32],"tags":[],"class_list":["post-14616","page","type-page","status-publish","has-post-thumbnail","hentry","category-eschborn"],"acf":[],"yoast_head":"<!-- This site is optimized with the Yoast SEO plugin v27.4 - https:\/\/yoast.com\/product\/yoast-seo-wordpress\/ -->\n<title>Pauline Plettl \u2013 Rechtsanw\u00e4ltin \u2013 BRRS Standort Eschborn<\/title>\n<meta name=\"description\" content=\"Pauline Plettl ber\u00e4t seit Juli 2023 bei BRRS Rechtsanw\u00e4lte in Eschborn mit praxisorientierten L\u00f6sungen und engagierten, strukturierten Ansatz.\" \/>\n<meta name=\"robots\" content=\"index, follow, max-snippet:-1, max-image-preview:large, max-video-preview:-1\" \/>\n<link rel=\"canonical\" href=\"https:\/\/www.brrs-rechtsanwaelte.de\/de\/team\/pauline-plettl\/\" \/>\n<meta property=\"og:locale\" content=\"de_DE\" \/>\n<meta property=\"og:type\" content=\"article\" \/>\n<meta property=\"og:title\" content=\"Pauline Plettl \u2013 Rechtsanw\u00e4ltin \u2013 BRRS Standort Eschborn\" \/>\n<meta property=\"og:description\" content=\"Pauline Plettl ber\u00e4t seit Juli 2023 bei BRRS Rechtsanw\u00e4lte in Eschborn mit praxisorientierten L\u00f6sungen und engagierten, strukturierten Ansatz.\" \/>\n<meta property=\"og:url\" content=\"https:\/\/www.brrs-rechtsanwaelte.de\/de\/team\/pauline-plettl\/\" \/>\n<meta property=\"og:site_name\" content=\"BRRS Rechtsanw\u00e4lte \u2013 Insolvenzverwaltung \/ Restrukturierung\" \/>\n<meta property=\"article:modified_time\" content=\"2025-01-30T11:50:50+00:00\" \/>\n<meta property=\"og:image\" content=\"https:\/\/www.brrs-rechtsanwaelte.de\/wp-content\/uploads\/2024\/11\/pauline-plettl-3-2.jpg\" \/>\n\t<meta property=\"og:image:width\" content=\"1200\" \/>\n\t<meta property=\"og:image:height\" content=\"800\" \/>\n\t<meta property=\"og:image:type\" content=\"image\/jpeg\" \/>\n<meta name=\"twitter:card\" content=\"summary_large_image\" \/>\n<meta name=\"twitter:label1\" content=\"Gesch\u00e4tzte Lesezeit\" \/>\n\t<meta name=\"twitter:data1\" content=\"1\u00a0Minute\" \/>\n<!-- \/ Yoast SEO plugin. -->","yoast_head_json":{"title":"Pauline Plettl \u2013 Rechtsanw\u00e4ltin \u2013 BRRS Standort Eschborn","description":"Pauline Plettl ber\u00e4t seit Juli 2023 bei BRRS Rechtsanw\u00e4lte in Eschborn mit praxisorientierten L\u00f6sungen und engagierten, strukturierten Ansatz.","robots":{"index":"index","follow":"follow","max-snippet":"max-snippet:-1","max-image-preview":"max-image-preview:large","max-video-preview":"max-video-preview:-1"},"canonical":"https:\/\/www.brrs-rechtsanwaelte.de\/de\/team\/pauline-plettl\/","og_locale":"de_DE","og_type":"article","og_title":"Pauline Plettl \u2013 Rechtsanw\u00e4ltin \u2013 BRRS Standort Eschborn","og_description":"Pauline Plettl ber\u00e4t seit Juli 2023 bei BRRS Rechtsanw\u00e4lte in Eschborn mit praxisorientierten L\u00f6sungen und engagierten, strukturierten Ansatz.","og_url":"https:\/\/www.brrs-rechtsanwaelte.de\/de\/team\/pauline-plettl\/","og_site_name":"BRRS Rechtsanw\u00e4lte \u2013 Insolvenzverwaltung \/ Restrukturierung","article_modified_time":"2025-01-30T11:50:50+00:00","og_image":[{"width":1200,"height":800,"url":"https:\/\/www.brrs-rechtsanwaelte.de\/wp-content\/uploads\/2024\/11\/pauline-plettl-3-2.jpg","type":"image\/jpeg"}],"twitter_card":"summary_large_image","twitter_misc":{"Gesch\u00e4tzte Lesezeit":"1\u00a0Minute"},"schema":{"@context":"https:\/\/schema.org","@graph":[{"@type":"WebPage","@id":"https:\/\/www.brrs-rechtsanwaelte.de\/de\/team\/pauline-plettl\/","url":"https:\/\/www.brrs-rechtsanwaelte.de\/de\/team\/pauline-plettl\/","name":"Pauline Plettl \u2013 Rechtsanw\u00e4ltin \u2013 BRRS Standort Eschborn","isPartOf":{"@id":"https:\/\/www.brrs-rechtsanwaelte.de\/de\/#website"},"primaryImageOfPage":{"@id":"https:\/\/www.brrs-rechtsanwaelte.de\/de\/team\/pauline-plettl\/#primaryimage"},"image":{"@id":"https:\/\/www.brrs-rechtsanwaelte.de\/de\/team\/pauline-plettl\/#primaryimage"},"thumbnailUrl":"https:\/\/www.brrs-rechtsanwaelte.de\/wp-content\/uploads\/2024\/11\/pauline-plettl-3-2.jpg","datePublished":"2024-11-12T12:13:49+00:00","dateModified":"2025-01-30T11:50:50+00:00","description":"Pauline Plettl ber\u00e4t seit Juli 2023 bei BRRS Rechtsanw\u00e4lte in Eschborn mit praxisorientierten L\u00f6sungen und engagierten, strukturierten Ansatz.","breadcrumb":{"@id":"https:\/\/www.brrs-rechtsanwaelte.de\/de\/team\/pauline-plettl\/#breadcrumb"},"inLanguage":"de","potentialAction":[{"@type":"ReadAction","target":["https:\/\/www.brrs-rechtsanwaelte.de\/de\/team\/pauline-plettl\/"]}]},{"@type":"ImageObject","inLanguage":"de","@id":"https:\/\/www.brrs-rechtsanwaelte.de\/de\/team\/pauline-plettl\/#primaryimage","url":"https:\/\/www.brrs-rechtsanwaelte.de\/wp-content\/uploads\/2024\/11\/pauline-plettl-3-2.jpg","contentUrl":"https:\/\/www.brrs-rechtsanwaelte.de\/wp-content\/uploads\/2024\/11\/pauline-plettl-3-2.jpg","width":1200,"height":800},{"@type":"BreadcrumbList","@id":"https:\/\/www.brrs-rechtsanwaelte.de\/de\/team\/pauline-plettl\/#breadcrumb","itemListElement":[{"@type":"ListItem","position":1,"name":"Startseite","item":"https:\/\/www.brrs-rechtsanwaelte.de\/de\/"},{"@type":"ListItem","position":2,"name":"Team","item":"https:\/\/www.brrs-rechtsanwaelte.de\/de\/team\/"},{"@type":"ListItem","position":3,"name":"Pauline Plettl"}]},{"@type":"WebSite","@id":"https:\/\/www.brrs-rechtsanwaelte.de\/de\/#website","url":"https:\/\/www.brrs-rechtsanwaelte.de\/de\/","name":"BRRS Rechtsanw\u00e4lte \u2013 Insolvenzverwaltung \/ Restrukturierung","description":"von BRRS Rechtsanw\u00e4lte","publisher":{"@id":"https:\/\/www.brrs-rechtsanwaelte.de\/de\/#organization"},"potentialAction":[{"@type":"SearchAction","target":{"@type":"EntryPoint","urlTemplate":"https:\/\/www.brrs-rechtsanwaelte.de\/de\/?s={search_term_string}"},"query-input":{"@type":"PropertyValueSpecification","valueRequired":true,"valueName":"search_term_string"}}],"inLanguage":"de"},{"@type":"Organization","@id":"https:\/\/www.brrs-rechtsanwaelte.de\/de\/#organization","name":"BRRS Rechtsanw\u00e4lte","url":"https:\/\/www.brrs-rechtsanwaelte.de\/de\/","logo":{"@type":"ImageObject","inLanguage":"de","@id":"https:\/\/www.brrs-rechtsanwaelte.de\/de\/#\/schema\/logo\/image\/","url":"https:\/\/www.brrs-rechtsanwaelte.de\/wp-content\/uploads\/2021\/07\/logo-brrs.png","contentUrl":"https:\/\/www.brrs-rechtsanwaelte.de\/wp-content\/uploads\/2021\/07\/logo-brrs.png","width":474,"height":174,"caption":"BRRS Rechtsanw\u00e4lte"},"image":{"@id":"https:\/\/www.brrs-rechtsanwaelte.de\/de\/#\/schema\/logo\/image\/"}}]}},"_links":{"self":[{"href":"https:\/\/www.brrs-rechtsanwaelte.de\/de\/wp-json\/wp\/v2\/pages\/14616","targetHints":{"allow":["GET"]}}],"collection":[{"href":"https:\/\/www.brrs-rechtsanwaelte.de\/de\/wp-json\/wp\/v2\/pages"}],"about":[{"href":"https:\/\/www.brrs-rechtsanwaelte.de\/de\/wp-json\/wp\/v2\/types\/page"}],"author":[{"embeddable":true,"href":"https:\/\/www.brrs-rechtsanwaelte.de\/de\/wp-json\/wp\/v2\/users\/2"}],"replies":[{"embeddable":true,"href":"https:\/\/www.brrs-rechtsanwaelte.de\/de\/wp-json\/wp\/v2\/comments?post=14616"}],"version-history":[{"count":8,"href":"https:\/\/www.brrs-rechtsanwaelte.de\/de\/wp-json\/wp\/v2\/pages\/14616\/revisions"}],"predecessor-version":[{"id":15315,"href":"https:\/\/www.brrs-rechtsanwaelte.de\/de\/wp-json\/wp\/v2\/pages\/14616\/revisions\/15315"}],"up":[{"embeddable":true,"href":"https:\/\/www.brrs-rechtsanwaelte.de\/de\/wp-json\/wp\/v2\/pages\/1194"}],"wp:featuredmedia":[{"embeddable":true,"href":"https:\/\/www.brrs-rechtsanwaelte.de\/de\/wp-json\/wp\/v2\/media\/14617"}],"wp:attachment":[{"href":"https:\/\/www.brrs-rechtsanwaelte.de\/de\/wp-json\/wp\/v2\/media?parent=14616"}],"wp:term":[{"taxonomy":"category","embeddable":true,"href":"https:\/\/www.brrs-rechtsanwaelte.de\/de\/wp-json\/wp\/v2\/categories?post=14616"},{"taxonomy":"post_tag","embeddable":true,"href":"https:\/\/www.brrs-rechtsanwaelte.de\/de\/wp-json\/wp\/v2\/tags?post=14616"}],"curies":[{"name":"wp","href":"https:\/\/api.w.org\/{rel}","templated":true}]}}

<section class="l-section wpb_row height_auto width_full"><div class="l-section-overlay" style="background:var(--color-header-transparent-bg)"></div><div class="l-section-h i-cf"><div class="g-cols vc_row via_flex valign_top type_default stacking_default"><div class="vc_col-sm-12 wpb_column vc_column_container"><div class="vc_column-inner"><div class="wpb_wrapper"><section class="l-section wpb_row height_huge color_primary with_slider" id="Team"><div class="l-section-slider"><div class="w-slider style_none fit_cover nav_none count_7"><div class="w-slider-h" aria-hidden="true"><div class="royalSlider"><div class="rsContent"><a class="rsImg" data-rsw="1301" data-rsh="994" href="https://www.brrs-rechtsanwaelte.de/wp-content/uploads/2020/10/Standort-E-Slider-schlegel08-scaled-e1703159015943.jpg"><span data-alt=""></span></a></div><div class="rsContent"><a class="rsImg" data-rsw="2560" data-rsh="996" href="https://www.brrs-rechtsanwaelte.de/wp-content/uploads/2020/10/Standort-E-Slider-schlegel07-scaled.jpg"><span data-alt=""></span></a></div><div class="rsContent"><a class="rsImg" data-rsw="2560" data-rsh="996" href="https://www.brrs-rechtsanwaelte.de/wp-content/uploads/2020/09/Standort-E-Slider-schlegel05-scaled.jpg"><span data-alt=""></span></a></div><div class="rsContent"><a class="rsImg" data-rsw="2560" data-rsh="996" href="https://www.brrs-rechtsanwaelte.de/wp-content/uploads/2020/09/Standort-E-Slider-schlegel02-scaled.jpg"><span data-alt="Dr. Stephan Schlegel – Rechtsanwalt, Notar – BRRS Eschborn"></span></a></div><div class="rsContent"><a class="rsImg" data-rsw="2560" data-rsh="996" href="https://www.brrs-rechtsanwaelte.de/wp-content/uploads/2020/09/Standort-E-Slider-schlegel03-scaled.jpg"><span data-alt="Dr. Stephan Schlegel – Rechtsanwalt, Notar – BRRS Eschborn"></span></a></div><div class="rsContent"><a class="rsImg" data-rsw="2560" data-rsh="996" href="https://www.brrs-rechtsanwaelte.de/wp-content/uploads/2020/09/Standort-E-Slider-schlegel04-scaled.jpg"><span data-alt=""></span></a></div><div class="rsContent"><a class="rsImg" data-rsw="2560" data-rsh="996" href="https://www.brrs-rechtsanwaelte.de/wp-content/uploads/2020/09/Standort-E-Slider-schlegel06-scaled.jpg"><span data-alt=""></span></a></div></div><img decoding="async" src="https://www.brrs-rechtsanwaelte.de/wp-content/uploads/2020/10/Standort-E-Slider-schlegel08-scaled-e1703159015943.jpg" width="1301" height="994" alt loading="lazy"></div><div class="w-slider-json" onclick='return {&quot;autoScaleSlider&quot;:true,&quot;addActiveClass&quot;:true,&quot;loop&quot;:true,&quot;fadeInLoadedSlide&quot;:false,&quot;slidesSpacing&quot;:0,&quot;imageScalePadding&quot;:0,&quot;numImagesToPreload&quot;:2,&quot;arrowsNav&quot;:false,&quot;arrowsNavAutoHide&quot;:false,&quot;transitionType&quot;:&quot;move&quot;,&quot;transitionSpeed&quot;:800,&quot;block&quot;:{&quot;moveEffect&quot;:&quot;none&quot;,&quot;speed&quot;:300},&quot;thumbs&quot;:{&quot;fitInViewport&quot;:false,&quot;firstMargin&quot;:false,&quot;spacing&quot;:4},&quot;controlNavigation&quot;:&quot;none&quot;,&quot;autoplay&quot;:{&quot;enabled&quot;:true,&quot;pauseOnHover&quot;:false,&quot;delay&quot;:3000},&quot;autoScaleSliderWidth&quot;:1301,&quot;autoScaleSliderHeight&quot;:994}'></div></div></div><div class="l-section-overlay" style="background:linear-gradient(180deg,rgba(51,51,51,0.00),rgba(0,0,0,0.35))"></div><div class="l-section-h i-cf"><div class="g-cols vc_row via_flex valign_bottom type_default stacking_default"><div class="vc_col-sm-12 wpb_column vc_column_container"><div class="vc_column-inner"><div class="wpb_wrapper"><div class="w-separator size_large"></div><div class="w-separator size_large"></div><div class="wpb_text_column us_custom_5c4d9c59 has_text_color"><div class="wpb_wrapper"><p>Wir am Standort Eschborn</p>
</div></div><div class="w-btn-wrapper align_none"><a class="w-btn us-btn-style_1" href="https://www.brrs-rechtsanwaelte.de/standort-eschborn/"><span class="w-btn-label">Jetzt mehr über uns erfahren</span></a></div></div></div></div></div></div></section>
</div></div></div></div></div></section>

Wir am Standort Eschborn Jetzt mehr über uns erfahren

<!-- This site is optimized with the Yoast SEO plugin v27.4 - https://yoast.com/product/yoast-seo-wordpress/ -->
<title>Pauline Plettl – Rechtsanwältin – BRRS Standort Eschborn</title>
<meta name="description" content="Pauline Plettl berät seit Juli 2023 bei BRRS Rechtsanwälte in Eschborn mit praxisorientierten Lösungen und engagierten, strukturierten Ansatz." />
<meta name="robots" content="index, follow, max-snippet:-1, max-image-preview:large, max-video-preview:-1" />
<link rel="canonical" href="https://www.brrs-rechtsanwaelte.de/de/team/pauline-plettl/" />
<meta property="og:locale" content="de_DE" />
<meta property="og:type" content="article" />
<meta property="og:title" content="Pauline Plettl – Rechtsanwältin – BRRS Standort Eschborn" />
<meta property="og:description" content="Pauline Plettl berät seit Juli 2023 bei BRRS Rechtsanwälte in Eschborn mit praxisorientierten Lösungen und engagierten, strukturierten Ansatz." />
<meta property="og:url" content="https://www.brrs-rechtsanwaelte.de/de/team/pauline-plettl/" />
<meta property="og:site_name" content="BRRS Rechtsanwälte – Insolvenzverwaltung / Restrukturierung" />
<meta property="article:modified_time" content="2025-01-30T11:50:50+00:00" />
<meta property="og:image" content="https://www.brrs-rechtsanwaelte.de/wp-content/uploads/2024/11/pauline-plettl-3-2.jpg" />
	<meta property="og:image:width" content="1200" />
	<meta property="og:image:height" content="800" />
	<meta property="og:image:type" content="image/jpeg" />
<meta name="twitter:card" content="summary_large_image" />
<meta name="twitter:label1" content="Geschätzte Lesezeit" />
	<meta name="twitter:data1" content="1 Minute" />
<!-- / Yoast SEO plugin. -->

Pauline Plettl – Rechtsanwältin – BRRS Standort Eschborn

Pauline Plettl berät seit Juli 2023 bei BRRS Rechtsanwälte in Eschborn mit praxisorientierten Lösungen und engagierten, strukturierten Ansatz.

BRRS Rechtsanwälte – Insolvenzverwaltung / Restrukturierung

von BRRS Rechtsanwälte

BRRS Rechtsanwälte
